{"id":19,"date":"2023-02-01T16:21:03","date_gmt":"2023-02-01T16:21:03","guid":{"rendered":"https:\/\/drogulmus.com\/?page_id=19"},"modified":"2024-08-17T09:31:58","modified_gmt":"2024-08-17T09:31:58","slug":"papers","status":"publish","type":"page","link":"https:\/\/ahmetsayginogulmus.com\/index.php\/papers\/","title":{"rendered":"Papers"},"content":{"rendered":"\n<p><strong>Thesis<\/strong><\/p>\n\n\n\n<ul class=\"wp-block-list\">\n<li>\u00d6g\u00fclm\u00fc\u015f, A. S., (2017). Design and analysis of Scara type three-dimensional printer, Necmettin Erbakan University, Institute of Natural and Applied Sciences, Department of Mechanical Engineering, M.Sc. Thesis<\/li>\n\n\n\n<li>\u00d6g\u00fclm\u00fc\u015f, A. S., (2022).Dynamic analysis and design of seven degree-of-freedom robot arms with two spherical and a linear actuators, Necmettin Erbakan University, Institute of Natural and Applied Sciences, Department of Mechanical Engineering , Ph.D. Thesis<\/li>\n<\/ul>\n\n\n\n<p><strong>Papers<\/strong><\/p>\n\n\n\n<ul class=\"wp-block-list\">\n<li>\u00d6g\u00fclm\u00fc\u015f, A. S., \u00c7akan, A., &amp; T\u0131nk\u0131r, M. (2016). Modeling And Position Control Of Scara Type 3D Printer.&nbsp;<em>International Journal Of Scientific &amp; Technology Research<\/em>,&nbsp;<em>5<\/em>, 140-143.<\/li>\n\n\n\n<li>\u00d6g\u00fclm\u00fc\u015f, A. S., \u00d6zkan, A., &amp; T\u0131nk\u0131r, M. (2021). Kinematic Analysis of A Seven Degree of Freedom Mechanism, Mediterranean Summit 4th Internat\u0131onal Applied Sciences Congress, Girne (Full Paper)<\/li>\n\n\n\n<li>\u00d6zkan, A., \u00d6g\u00fclm\u00fc\u015f, A. S., &amp; T\u0131nk\u0131r, M. (2021). Structural Analysis of Expanded Metal Press Body and Mechanism, Mediterranean Summit 4th Internat\u0131onal Applied Sciences Congress, Girne (Full Paper)<\/li>\n\n\n\n<li>\u00d6g\u00fclm\u00fc\u015f, A. S., &amp; T\u0131nk\u0131r, M. (2023). Development and performance analysis of novel design 3-DOF non-integrated runner permanent magnet spherical motor, <em>Engineering Science and Technology, an International Journal,<\/em> <em>vol. 40, Apr. 2023. (SCI Expanded &#8211; Q1)<\/em><\/li>\n\n\n\n<li>\u00d6\u011f\u00fclm\u00fc\u015f, Ahmet Sayg\u0131n, and Mustafa T\u0131nk\u0131r. &#8220;A Scara-Type 3D Printer Design And Experimental Validation.&#8221;\u00a0<em>International Journal of Engineering Research and Development<\/em>\u00a016.1 (2024): 127-140.<\/li>\n<\/ul>\n\n\n\n<p><\/p>\n","protected":false},"excerpt":{"rendered":"<p>Thesis Papers<\/p>\n","protected":false},"author":1,"featured_media":0,"parent":0,"menu_order":0,"comment_status":"closed","ping_status":"closed","template":"","meta":{"footnotes":""},"class_list":["post-19","page","type-page","status-publish","hentry"],"_links":{"self":[{"href":"https:\/\/ahmetsayginogulmus.com\/index.php\/wp-json\/wp\/v2\/pages\/19","targetHints":{"allow":["GET"]}}],"collection":[{"href":"https:\/\/ahmetsayginogulmus.com\/index.php\/wp-json\/wp\/v2\/pages"}],"about":[{"href":"https:\/\/ahmetsayginogulmus.com\/index.php\/wp-json\/wp\/v2\/types\/page"}],"author":[{"embeddable":true,"href":"https:\/\/ahmetsayginogulmus.com\/index.php\/wp-json\/wp\/v2\/users\/1"}],"replies":[{"embeddable":true,"href":"https:\/\/ahmetsayginogulmus.com\/index.php\/wp-json\/wp\/v2\/comments?post=19"}],"version-history":[{"count":7,"href":"https:\/\/ahmetsayginogulmus.com\/index.php\/wp-json\/wp\/v2\/pages\/19\/revisions"}],"predecessor-version":[{"id":159,"href":"https:\/\/ahmetsayginogulmus.com\/index.php\/wp-json\/wp\/v2\/pages\/19\/revisions\/159"}],"wp:attachment":[{"href":"https:\/\/ahmetsayginogulmus.com\/index.php\/wp-json\/wp\/v2\/media?parent=19"}],"curies":[{"name":"wp","href":"https:\/\/api.w.org\/{rel}","templated":true}]}}